hen 123 is divided by 16?
11
What is the remainder when 524 is divided by 63?
20
What is the remainder when 145 is divided by 22?
13
Calculate the remainder when 65 is divided by 37.
28
Calculate the remainder when 373 is divided by 29.
25
Calculate the remainder when 410 is divided by 65.
20
What is the remainder when 2325 is divided by 137?
133
What is the remainder when 131 is divided by 24?
11
What is the remainder when 76 is divided by 15?
1
Calculate the remainder when 87 is divided by 18.
15
Calculate the remainder when 1272 is divided by 91.
89
Calculate the remainder when 163 is divided by 14.
9
Calculate the remainder when 3067 is divided by 255.
7
What is the remainder when 677 is divided by 5?
2
Calculate the remainder when 969 is divided by 54.
51
Calculate the remainder when 566 is divided by 19.
15
Calculate the remainder when 498 is divided by 13.
4
What is the remainder when 7955 is divided by 2?
1
Calculate the remainder when 215 is divided by 52.
7
Calculate the remainder when 377 is divided by 107.
56
Calculate the remainder when 3339 is divided by 20.
19
What is the remainder when 333 is divided by 76?
29
What is the remainder when 399 is divided by 105?
84
Calculate the remainder when 167 is divided by 25.
17
Calculate the remainder when 18 is divided by 7.
4
What is the remainder when 119 is divided by 94?
25
What is the remainder when 7049 is divided by 82?
79
Calculate the remainder when 122 is divided by 58.
6
Calculate the remainder when 140 is divided by 25.
15
Calculate the remainder when 95 is divided by 48.
47
Calculate the remainder when 542 is divided by 110.
102
What is the remainder when 129 is divided by 46?
37
What is the remainder when 1870 is divided by 1863?
7
Calculate the remainder when 96 is divided by 7.
5
Calculate the remainder when 678 is divided by 24.
6
Calculate the remainder when 2247 is divided by 1121.
5
What is the remainder when 536 is divided by 21?
11
Calculate the remainder when 294 is divided by 35.
14
Calculate the remainder when 292 is divided by 100.
92
What is the remainder when 820 is divided by 118?
112
Calculate the remainder when 213 is divided by 7.
3
Calculate the remainder when 68 is divided by 62.
6
What is the remainder when 201 is divided by 73?
55
What is the remainder when 423 is divided by 220?
203
Calculate the remainder when 179 is divided by 14.
11
What is the remainder when 112 is divided by 31?
19
Calculate the remainder when 328 is divided by 20.
8
Calculate the remainder when 430 is divided by 67.
28
What is the remainder when 277 is divided by 84?
25
Calculate the remainder when 950 is divided by 468.
14
Calculate the remainder when 991 is divided by 171.
136
Calculate the remainder when 3210 is divided by 153.
150
Calculate the remainder when 497 is divided by 174.
149
What is the remainder when 9119 is divided by 234?
227
What is the remainder when 150 is divided by 104?
46
What is the remainder when 702 is divided by 37?
36
What is the remainder when 284 is divided by 48?
44
What is the remainder when 325 is divided by 79?
9
What is the remainder when 41 is divided by 25?
16
Calculate the remainder when 311 is divided by 26.
25
What is the remainder when 713 is divided by 90?
83
What is the remainder when 976 is divided by 26?
14
Calculate the remainder when 365 is divided by 24.
5
What is the remainder when 118 is divided by 6?
4
Calculate the remainder when 748 is divided by 126.
118
What is the remainder when 277 is divided by 87?
16
What is the remainder when 179 is divided by 13?
10
Calculate the remainder when 414 is divided by 11.
7
What is the remainder when 5181 is divided by 25?
6
What is the remainder when 1150 is divided by 217?
65
What is the remainder when 3322 is divided by 20?
2
Calculate the remainder when 1016 is divided by 20.
16
Calculate the remainder when 4829 is divided by 6.
5
What is the remainder when 391 is divided by 175?
41
What is the remainder when 619 is divided by 33?
25
Calculate the remainder when 62 is divided by 19.
5
What is the remainder when 190 is divided by 51?
37
What is the remainder when 107 is divided by 36?
35
What is the remainder when 165 is divided by 73?
19
Calculate the remainder when 8849 is divided by 177.
176
What is the remainder when 297 is divided by 10?
7
What is the remainder when 6321 is divided by 109?
108
What is the remainder when 3952 is divided by 132?
124
Calculate the remainder when 2796 is divided by 70.
66
Calculate the remainder when 1162 is divided by 85.
57
What is the remainder when 522 is divided by 174?
0
What is the remainder when 256 is divided by 135?
121
What is the remainder when 257 is divided by 66?
59
What is the remainder when 1210 is divided by 72?
58
Calculate the remainder when 948 is divided by 232.
20
What is the remainder when 1572 is divided by 1570?
2
Calculate the remainder when 280 is divided by 49.
35
What is the remainder when 334 is divided by 16?
14
What is the remainder when 176 is divided by 56?
8
Calculate the remainder when 2997 is divided by 25.
22
Calculate the remainder when 174 is divided by 59.
56
What is the remainder when 2259 is divided by 26?
23
Calculate the remainder when 467 is divided by 36.
35
What is the remainder when 3392 is divided by 13?
12
Calculate the remainder when 717 is divided by 119.
3
What is the remainder when 489 is divided by 235?
19
What is the remainder when 867 is divided by 10?
7
Calculate the remainder when 54 is divided by 20.
14
Calculate the remainder when 6775 is divided by 15.
10
Calculate the remainder when 1319 is divided by 11.
10
What is the remainder when 27 is divided by 23?
4
What is the remainder when 68 is divided by 56?
12
Calculate the remainder when 1664 is divided by 204.
32
What is the remainder when 201 is divided by 57?
30
What is the remainder when 574 is divided by 117?
106
Calculate the remainder when 29 is divided by 4.
1
Calculate the remainder when 6 is divided by 2.
0
Calculate the remainder when 8861 is divided by 211.
210
What is the remainder when 34786 is divided by 12?
10
What is the remainder when 54 is divided by 28?
26
What is the remainder when 327 is divided by 83?
78
What is the remainder when 260 is divided by 253?
7
Calculate the remainder when 68 is divided by 35.
33
What is the remainder when 1728 is divided by 97?
79
Calculate the remainder when 719 is divided by 11.
4
Calculate the remainder when 237 is divided by 16.
13
What is the remainder when 461 is divided by 12?
5
Calculate the remainder when 110 is divided by 7.
5
What is the remainder when 256 is divided by 26?
22
What is the remainder when 648 is divided by 11?
10
What is the remainder when 77 is divided by 37?
3
Calculate the remainder when 890 is divided by 56.
50
Calculate the remainder when 89 is divided by 73.
16
What is the remainder when 987 is divided by 30?
27
Calculate the remainder when 121 is divided by 56.
9
Calculate the remainder when 493 is divided by 28.
17
Calculate the remainder when 185 is divided by 42.
17
Calculate the remainder when 79 is divided by 27.
25
What is the remainder when 2545 is divided by 14?
11
Calculate the remainder when 398 is divided by 49.
6
Calculate the remainder when 720 is divided by 242.
236
Calculate the remainder when 1655 is divided by 207.
206
What is the remainder when 36 is divided by 21?
15
What is the remainder when 1346 is divided by 671?
4
What is the remainder when 2587 is divided by 70?
67
What is the remainder when 340 is divided by 41?
12
What is the remainder when 233 is divided by 81?
71
Calculate the remainder when 412 is divided by 38.
32
Calculate the remainder when 202 is divided by 69.
64
What is the remainder when 92 is divided by 12?
8
What is the remainder when 86 is divided by 49?
37
Calculate the remainder when 373 is divided by 54.
49
What is the remainder when 21457 is divided by 148?
145
Calculate the remainder when 151 is divided by 64.
23
What is the remainder when 146 is divided by 25?
21
Calculate the remainder when 6854 is divided by 49.
43
What is the remainder when 94 is divided by 8?
6
What is the remainder when 81 is divided by 27?
0
What is the remainder when 2364 is divided by 474?
468
What is the remainder when 455 is divided 